*x - 5*k = -x - 15, 2*x + k = 7. Calculate the remainder when u is divided by x.
2
Let w = -21 + 26. Suppose -w*p = 24 - 34. What is the remainder when (0 - -6)/3 - -4 is divided by p?
0
Suppose -q = 3*f - 26, 3*q + f + f = 43. What is the remainder when 855 is divided by q?
8
Let p = -222 + 260. What is the remainder when p is divided by 11?
5
What is the remainder when 236 is divided by -49 + 47 - 16/(-1)?
12
Suppose -2*k = -2*g + 626, -4*k - 1571 = -5*g - 5*k. Calculate the remainder when g is divided by 106.
102
Let m = -226 + 490. Suppose -3*v + m = 4*w - 139, v + w - 135 = 0. Let y = v - 62. Calculate the remainder when y is divided by 19.
18
Let m be ((-18)/27)/((-2)/372). Suppose 7*q - m = 6*q. What is the remainder when q is divided by 32?
28
What is the remainder when 133 is divided by (-29146)/(-570) - (96/45 - 2)?
31
What is the remainder when (356/(-267))/((-1)/48) is divided by 11?
9
Calculate the remainder when (-21042)/(-189) - (-2)/(-6) is divided by 38.
35
Let l = -899 + 981. Calculate the remainder when 1229 is divided by l.
81
Let i(s) = -2*s**2 - 5*s - 11. Let r be i(-5). Let z = -5 - r. What is the remainder when 91 is divided by z?
29
Let d be 3/1 - 0*5/(-40). Suppose h = -h + 4. Suppose h*w - 4*j = 114, w + d*j = j + 69. What is the remainder when w is divided by 17?
12
Calculate the remainder when 202 is divided by 3 + 234/7 + 12/(-28).
22
Suppose 7*q = 19*q - 36. Calculate the remainder when 78 is divided by q.
0
Let g = -121 - 84. Let c = g + 303. Calculate the remainder when c is divided by 33.
32
Suppose -3*n - 4*u = n - 164, 3*u = 0. Calculate the remainder when 117 is divided by n.
35
Let d(s) = -s**3 - 22*s**2 + 2*s + 41. Let l be d(-22). Let x(w) = w**3 + 4*w**2 - 5*w - 13. Let g = 78 - 46. Calculate the remainder when g is divided by x(l).
10
Suppose -249 = -14*s + 255. What is the remainder when 212 is divided by s?
32
Let m = -14 + 29. Let q be 1*(4/10 + 63/(-45)). Let o = m + q. What is the remainder when 26 is divided by o?
12
Suppose 2*a + 5*s - 14 = 127, 4*s + 154 = 3*a. What is the remainder when a is divided by 17?
7
Suppose 41*s = 36*s + 15. Suppose -180 = s*q - 9*q. What is the remainder when 115 is divided by q?
25
Let x = -1 - -3. Suppose 2*j = -0*r - 2*r + 28, -3*j + 32 = -x*r. Calculate the remainder when j is divided by 3.
0
Suppose o + 3*o = -4*x + 176, 3*x = -12. Calculate the remainder when o is divided by 10.
8
Suppose -2*v - 5*r = -33, -v + 4*v - 7 = r. What is the remainder when 25 is divided by v*-2 + 4 - -18?
11
Suppose 2*w - 2*y + 790 = 0, 3*w - 793 = 5*w - y. Calculate the remainder when w/(-6) - (-2)/3 is divided by 14.
11
Let h(z) = -z**2 - 9*z + 10. Let k be h(2). Let u(q) = -4*q - 47. Let i(b) = b**2 - 6*b + 1. What is the remainder when i(6) is divided by u(k)?
0
Let c = 183 - 121. What is the remainder when c is divided by 9?
8
Suppose 0 - 33 = -3*w. Suppose 15*r - 66*r = -1581. What is the remainder when r is divided by w?
9
Let s = 197 - 171. What is the remainder when 203 is divided by s?
21
Suppose 0*m - 8*m = -152. What is the remainder when m is divided by (-2)/((-4)/22) + 1?
7
Let t(x) = 6*x**2 - 15*x + 4. What is the remainder when 803 is divided by t(3)?
10
Suppose -z = -0 - 12. Let f(k) = k**3 + 7*k**2 + k - 3. What is the remainder when z/(-10)*390/(-9) is divided by f(-6)?
25
Let b(l) = -22*l + 22. What is the remainder when b(-3) is divided by 30/(-4)*(-1 + -3)?
28
Let f = 18 + -12. Let m = 208 + -185. What is the remainder when m is divided by f?
5
Let g = 102 - 106. Let n be 27/1 - (-3 - -2). Calculate the remainder when 55 is divided by (n/5)/(g/(-20)).
27
Let y(j) = j**3 + j**2 - 12*j - 11. Let f(x) = x**2 - x. Let b(h) = 6*f(h) - y(h). What is the remainder when b(6) is divided by 6?
5
Let k = 57 + 149. What is the remainder when k is divided by 26?
24
Let y = 21 - 15. Let r(t) = t**2 - 5*t + 8. Let b = -69 - -108. Calculate the remainder when b is divided by r(y).
11
Suppose -330 = -17*x + 14*x. Let j = x + -71. Calculate the remainder when j is divided by 11.
6
Suppose -5*n + 5*j + 300 = 0, 2*n + n + 4*j - 159 = 0. Suppose 5*i - 67 - 33 = 0. What is the remainder when n is divided by i?
17
Suppose 6*c - 20*c = -224. What is the remainder when 286 is divided by c?
14
Suppose -9*d = -d - 112. Let t(y) = 2*y**2 - y**2 + 2*y - 12*y + 8. Calculate the remainder when t(d) is divided by 22.
20
Suppose -4*r + 2 = 2*s, -4*r - 3*s - s = 8. Let u = 9 + 1. What is the remainder when r/15 - ((-417)/15 + 0) is divided by u?
8
Suppose f - 24 + 10 = 0. Let z = f + -14. Suppose -8*b + 3*b + 95 = z. What is the remainder when b is divided by 10?
9
Let h(w) = -5*w + 2. Suppose t = 4*g - 46 - 30, -3*t = 2*g + 172. Let o = 109 + t. What is the remainder when o is divided by h(-3)?
15
What is the remainder when 455 is divided by (-39 - -187) + (-3)/1?
20
Suppose -2*w + 7*w + 10 = 0, -3*q + 3*w + 78 = 0. Calculate the remainder when 92 is divided by q.
20
Let a(l) be the second derivative of -l**3/6 + 5*l**2 + 33*l. Suppose 5*w + 4*t - 218 = 3*t, t = 4*w - 178. What is the remainder when w is divided by a(1)?
8
Suppose 7*x + 0*x = 91. Suppose -x*f + 11 = -327. What is the remainder when f is divided by 14?
12
Let m(f) = 63*f + 65. What is the remainder when 323 is divided by m(-1)?
1
Let h(m) = m**2 - m + 4. Suppose 650 = 42*y - 32*y. Calculate the remainder when y is divided by h(6).
31
Let k = 132 - 84. Let s = k - -14. Suppose s + 19 = 3*v. What is the remainder when 104 is divided by v?
23
Suppose 0 = f - 14*k + 15*k - 460, -5*k + 935 = 2*f. What is the remainder when f is divided by 58?
49
Suppose -5746 - 218 = -42*a. Calculate the remainder when a is divided by 56.
30
Let b(v) = v**3 - 8*v**2 + 14*v - 31. Calculate the remainder when (-213)/(-6)*(1 + 1) is divided by b(7).
17
Let r(s) = s**2 - 15*s - 23. Let t be r(16). Suppose -4*j = -7 - 53. Let i = j + t. Calculate the remainder when 14 is divided by i.
6
Let d(y) = y**2 - 13*y + 16. Let c be d(11). What is the remainder when ((-128)/c)/(3 + (-40)/15) is divided by 33?
31
Suppose 9*u - h = 8*u + 10, 0 = -4*u + 3*h + 44. Let t(z) = 11*z**2 - 2*z + 4. What is the remainder when t(3) is divided by u?
13
What is the remainder when (-10 - 0/7) + 95 is divided by 31?
23
Let f(x) = x**3 - 3*x**2 - 3*x - 2. Let d = -58 - 4. Let j = d + 67. What is the remainder when j is divided by f(4)?
1
Let a(b) = b**2 + 10*b + 8. Let r be a(-4). Suppose -4*x + 10 = -n, -n + x = -2*n + 15. What is the remainder when n is divided by 1/(-4) - 84/r?
0
Suppose 0 = -7*i + 25*i - 2808. What is the remainder when i is divided by 43?
27
What is the remainder when ((-117)/4)/(48/(-128)) is divided by 28?
22
Let t(n) = -2*n**3 - 3*n**2 + 3*n - 1. Suppose -x + 336 = 4*x + 3*b, -x = b - 68. What is the remainder when x is divided by t(-3)?
15
Let x(j) = j**3 + 41. Let m be 1/((3 + 1)/12). Let k = m - -8. What is the remainder when x(0) is divided by k?
8
Let z(l) = -10*l**3 + 2*l**2. Let j be z(2). Let f = -102 - j. Let d = -12 - f. What is the remainder when 33 is divided by d?
15
Let h(r) = r**2 + 13*r - 32. Let k be h(-14). Calculate the remainder when (-1166)/k + 8/36 is divided by 14.
9
Let w(x) = -2*x. Let z(j) = j**3 - 7*j**2 - 9*j - 6. Let l be z(7). Let a = 71 + l. What is the remainder when a is divided by w(-1)?
0
Let n = -472 - -621. Calculate the remainder when n is divided by 27.
14
Let a = -61 - -115. Suppose -6*g + 3*g + a = 0. What is the remainder when (-3)/(-1 + (-245)/(-260)) is divided by g?
16
Suppose -18*s + 20*s + 254 = 0. Let j = 179 + s. Suppose -r = -j - 10. What is the remainder when r is divided by 32?
30
What is the remainder when 228 is divided by ((-8 - -16) + 3*1)*7?
74
Let d(w) = -w**2 + 20*w + 102. What is the remainder when d(23) is divided by 12?
9
Let b(k) = -4*k**2 + 23*k - 4. What is the remainder when 131 is divided by b(5)?
10
Let g(u) = u**3 - 3*u**2 + 2. Let t be g(3). Calculate the remainder when ((t - 0) + 0)*8/2 is divided by 4.
0
Let o(d) = -9*d**3 + d**2 - d - 1. Let u be o(-1). Let j = 11 - u. Calculate the remainder when (3 - j) + (-4 - -9) is divided by 3.
1
Let p(l) = -l**3 - 6*l**2 - 2*l - 7. Let s be p(-6). Suppose 7 + s = 2*v. Suppose 0*r - v = -r. Calculate the remainder when 10 is divided by r.
